ulate 61 - 47 - (11 - 3).
6
Evaluate 436 + -410 - (-1 + 18).
9
What is the value of (-8 - 0 - 0) + (-3 - -1)?
-10
Calculate 60 + -54 + (-1 - -7) + -19.
-7
(14 - -1) + (-6 - (7 - 9))
11
What is 7 + -7 - (-22 + (5 - 11) + 14)?
14
Calculate 0 + (-2 + 12 + -6 - 10) + 9.
3
-18 - 0 - (-9 + (-2 - 23))
16
Evaluate -36 + -13 + 36 + 25.
12
What is the value of 185 - 203 - (-7 + (-3 + 6 - 1))?
-13
What is (7 - 32) + (-132 - -141)?
-16
Calculate 7 + -4 - (-12 - (-1 + -8)).
6
Evaluate -8 - (14 + -22 - -14).
-14
What is -10 + 16 + (0 - 7)?
-1
What is 26 - 16 - (-7 + (8 + -4 - 7))?
20
76 + -77 - (0 - 11)
10
What is the value of 7 - (9 + -19 - -5)?
12
What is the value of (-9 - -1) + (-3 - -1) + (109 - 110)?
-11
Calculate -3 + (2 - 2) - (55 + -59) - 9.
-8
What is the value of (-38 - -47) + (-18 - -6)?
-3
Evaluate (108 + -126 - (-1 - 0)) + 4.
-13
(1 - (-8 + 1 - (32 - 49))) + 5
-4
3 + (16 - 30) - -31
20
What is the value of (2 - (28 + -4)) + 46?
24
What is 3 + 13 + -3 + (-44 - -42) + -5?
6
Calculate (-16 - (11 - 27)) + -18 + (-4 - -2).
-20
8 - (3 - -42 - (6 + -2 + 4))
-29
What is the value of -1 - -10 - (-263 - -262)?
10
7 - (25 - 9) - 11
-20
What is the value of -11 + 8 - (-5 - -13 - 4)?
-7
Calculate -11 + (-11 - -3) - (-11 + -1).
-7
What is 7 + (3 - (3 - (12 + -7 - 8)))?
4
What is 38 - (5 + 9) - 11?
13
Evaluate (-2 - -13) + -15 - -14 - 12.
-2
What is 2901 - 2890 - (-25 + (1 - (-2 - -3)))?
36
What is 4 + 2 + (1 - 1) - (41 - 16)?
-19
Evaluate -13 - (-7 + 9 + -4 - -8).
-19
Evaluate 1 + 0 + (83 - 26) + -66.
-8
Calculate 0 - -20 - ((118 - 69) + -33).
4
Calculate -17 + 1 - (108 + -131).
7
What is the value of -1 + (-1 - -1) - (596 - 598)?
1
Evaluate 19 - (-4 - -35 - 14).
2
Calculate -11 + (-6 - -6) + 10 + -2 + -6.
-9
What is -1 + 20 + 7 + -15?
11
-7 - (-20 - -16 - 15)
12
7 - (5 - (2 - 26 - -7) - -1)
-16
4 + (6 + -4 - -11) + 12
29
Evaluate 1 + 18 + (2 - 4) + 5 + -10.
12
-6 - ((3 - 2 - -1) + (29 - 37))
0
What is the value of -53 + 0 - (-1682 - -1652)?
-23
What is the value of -3 - -1 - -3 - 3 - (-2 - -8)?
-8
What is (33 - 22) + 15 + -38?
-12
(-4 - -19) + -1 + 7 + -4
17
What is -11 - -16 - (-2 - 4)?
11
(-3 - -8) + (2 + -8 - 1) + 21
19
12 - (7 + 14 + -8) - -13
12
What is the value of -5 - ((2 - (9 - 5) - -3) + 6)?
-12
5 + -2 + 7 + (-23 - -15)
2
What is the value of 41 + (-59 - (3 + -28))?
7
What is -4 - ((-25 - (0 - 28)) + (-40 - 1))?
34
What is the value of -12 - (13 - (17 + 9)) - 16?
-15
Calculate -39 - (3 + -17) - -13.
-12
Evaluate 6 + (-17 - -2 - -4).
-5
Calculate (-4 - -45) + 8 + -28.
21
What is the value of -44 + 68 + (-24 - -5)?
5
What is 17 + 27 + -17 + -8?
19
16 + 3 + -104 + 79
-6
15 + -26 + (11 - -17)
17
What is the value of 0 + -21 + (-315 - -326)?
-10
Evaluate -22 + 7 + -13 + 12 + 4.
-12
Evaluate 3 + 15 - (1 - -10).
7
Evaluate 2 + 6 - (-31 - -18 - 7).
28
Evaluate (-6 - 6 - -17 - -8) + -13.
0
Evaluate -1 + -23 + 9 - 2.
-17
What is (-3 - 4) + (19 - 5) + 1?
8
What is the value of -1 + 2 - ((18 - 9) + -4 + -2)?
-2
Evaluate 6 - (-4 + 6 + (-1 - -5)).
0
What is the value of -33 + 14 + -17 + 48?
12
What is the value of 293 - 298 - (-6 + 4 + -2)?
-1
Evaluate -29 - (-25 + (35 - 2)).
-37
What is (2 - -2) + -2 + -5 - -11?
8
57 - 62 - (-2 + (8 - 2))
-9
(8 + -36 + 15 - 0) + 32
19
Evaluate (-12 - (1 - 18)) + -3 + 13.
15
-19 + (-42 - (-24 - 29))
-8
Calculate 0 + 11 + -16 + 10 + -4.
1
(-5 - 0) + 7 + 3 - (13 - 2)
-6
Calculate -34 + -3 + -3 - -76.
36
(-4 - 0) + -35 + 5 + 53 + -32
-13
0 + -11 + (28 - 11) + 2 + 2
10
-17 + 11 + -16 - (2 + 0)
-24
-1 + 9 + (-8 - ((14 - 18) + -9))
13
What is 24 - (12 + -33) - 24?
21
Calculate -8 + 0 - (-6 - 6).
4
Calculate 8 + (0 - (3 + -4) - -3) + -1.
11
(0 - 14) + 2 + -2 + -30 + 19
-25
What is the value of 12 + 12 + -12 + -10 + -10?
-8
Calculate (-8 - (6 - 4)) + 4 + 5.
-1
Calculate (-9 - (17 - 6)) + 10 + (-2 - 4).
-16
Evaluate -4 - (3 - 10 - -12).
-9
Calculate (-88 - -105) + 16 + 0 + 1 + -6.
28
Evaluate 50 - 85 - (-12 - -11).
-34
What is the value of 14 + -1 + (-11 - (-6 + 4)) + -18?
-14
(-19 - 6 - -9) + 14
-2
Evaluate 150 + -129 - (3 + -6 + 14).
10
Calculate 4 - -12 - 1 - 7 - -2.
10
What is the value of -12 + 28 + -2 - 12?
2
What is (-2 - (-10 - -17)) + -8 + 1?
-16
Calculate 55 - (58 - (-18 + 61)).
40
Evaluate -3 - 20 - (152 + -189).
14
Calculate -15 + (-7 + -1 + 7 + -1 - -4).
-13
Evaluate -39 + 70 + (-6 - 21).
4
-18 + (11 - (3 + (-3 - -1)))
-8
What is the value of 1 + -2 - (-5 + -8 + 11)?
1
(-4 - 15) + 25 - 13
-7
Evaluate -3 - (-12 + 9 + 11 - (-26 + 0)).
-37
Calculate (2 - (7 - -18)) + (-7 - 0) - -10.
-20
What is the value of -3 - ((3 - 1) + (-50 - -33))?
12
What is the value of (-267 - -259) + (-3 - -14)?
3
What is the value of 3 - (-13 - -4) - 3?
9
What is the value of 18 - (-9 + 15 + -7)?
19
Calculate -12 + 11 - -3 - -5.
7
Calculate -7 - (1 + 0 - (10 + -13 - -6)).
-5
What is the value of 1 - ((-3 - -8) + 3 + -11)?
4
What is the value of (-4 - (-8 - -7)) + 2 + -3?
-4
Evaluate -8 - (-42 - (-29 - 10)).
-5
Evaluate (14 - -7 - 5) + -16.
0
What is (-132 - -132) + (-1 - 1)?
-2
What is the value of (5 - -1) + (33 - 41) - (1 - 8)?
5
What is 24 - (-3 - -4 - (40 - 37))?
26
Calculate 7 + -13 + (-9 - -22).
7
Calculate -5 + 3 + (-4 - 4) + 0 + -5.
-15
Evaluate (-22 - -16) + 3 + -1.
-4
Calculate (-1 + 0 + -8 - -15) + -2.
4
What is 17 + (16 - (-11 - -37))?
7
27 + (11 + -3 - (-30 - -27)) + -16
22
13 + -3 + 1 + -2 - -4
13
Evaluate 18 + 1 - (-16 + (11 - 11) + 22).
13
What is the value of (37 - (25 + 21)) + (-2 - 16)?
-27
Calculate 13 + (7 - 2) - 22.
-4
What is -23 + (21 - -6) - 15?
-11
What is the value of (0 - 8 - (6 + -17 + 4)) + -5?
-6
What is the value of -11 + 6 + 38 + -17?
16
What is -1 + (4 - (-8 + 11 + (2 - 5)))?
3
(-4 - -3 - 4) + (-136 - -126)
-15
What is the value of 7 - 3 - (-74 - -70)?
8
What is the value of -11 + -2 + 2 - (2 - (5 + 0))?
-8
What is 124 - 133 - (0 + (-4 - -9))?
-14
Evaluate 13 - ((0 + -1 - -10) + -5) - 1.
8
What is (13 - 37) + 10 - 4?
-18
What is the value of (-3 - -7 - 24) + 9?
-11
What is -1 - (-38 - 0) - (34 - (-65 + 92))?
30
-6 - (-7 + -5 - (-5 - 3))
-2
What is the value of -9 - (-27 + 18 + 24)?
-24
Calculate 0 + -5 - (3 - 8 - 23) - 5.
18
Calculate 0 + (-6 - (-14 - -3)) - (21 + -1).
-15
(6 - (3 - -3)) + -1 - (5 + 2)
-8
7 - (9 - (-6 - -14) - -3)
3
Evaluate (7 - (20 + 1)) + (-1 - -9).
-6
Calculate (-26 - -40) + -13 - -22.
23
What is the value of (14 - (20 - 11)) + 5?
10
Evaluate 0 + 13 + -74 + 71 + 12.
22
Calculate -12 + 22 + (0 - 3) - (1 - 11).
17
What is the value of -3 + (2 + 9 - (-2 + -14 + 24))?
0
Evaluate -1 - 3 - (-19 - -7 - (4 + -12)).
0
6 + -3 + (-1 - 1) + 33 + -52
-18
What is the value of 17 + (-8 - -1) - (5 + -3 + -4)?
12
Evaluate (-37 - (6 - 18)) + (1 - -7).
-17
What is the value of 1 - 0 - 4 - (388 - 386) - 1?
-6
What is 2 + 2 + -32 + 16 + 36 + -60?
-36
What is 338 + -346 - (-9 - (-3 + 5))?
3
Evaluate -7 + -20 + 22 + 29.
24
-31 + 30 + 0 + (-3 - -3) + -3
-4
Evaluate -10 + 8 + -9 + 2 - 7.
-16
-1 + 2 + (5 - 6) + -2 - -14
12
What is the value of 2 - (-1 + 4) - (-57 + 55)?
1
Evaluate -257 + 253 - (-2 + -1 + 3 + -1).
-3
Calculate (-10 - (24 - 24)) + -12.
-22
Evaluate -29 + 29 + (-1 + -2 - -1 - 1).
-3
Evaluate -6 + -7 - (17 + -26).
-4
What is 5 + -11 + 0 + (-5 - -30)?
19
Evaluate -2 - 2 - (-6 + (-3 - -16 - 18)).
7
-19 - (-14 + (17 - 6 - 14))
-2
Calculate -14 + 7 - -14 - (20 - 21).
8
Calculate (-2405 - -2415) + (1 - 1) + 7 + 0.
17
What is -29 + 31 + 0 - (0 - (-19 - -1))?
-16
What is the value of 8 + (-4 - 0) - 4?
0
Evaluate -22 + (2 - -6 - (-153 - -156)).
-17
What is (-1 - (-8 + 12) - 11) + (4 - 1)?
-13
Calculate (-22 - (-10 + -9)) + 5.
2
What is the value of -11 + 19 + -2 + (-9 - -2)?
-1
Calculate -3 - ((9 - 27) + 12 - (2 - -4)).
9
86 + -99 + (-1 - -11) + (-1 - -9)
5
(13 + 36 - 29) + -21 + 0 + -26
-27
What is the value of -5 + 9 + 9 + (1 + 2 - 1)?
15
9 + (-2 - (6 - -20)) + 3
-16
What is 20 - (21 + -9) - -2?
10
Calculate 0 + (-6 - -8) + -5 + 0.
-3
Calculate (-916 - -912) + (-8 - 2 - 0) + 1.
-13
What is the value of 5 - ((38 - 24) + 4)?
-13
Evaluate -60 + 39 + -16 + 0 + -2 + 7.
-32
What is the value of -4 - 34 - (-507 + 482)?
-13
What is the value of 0 - (5 - (-10 + 24)) - 6?
3
What is the value of -28 - -35 - (19 - 7)?
-5
Calculate 8 - -1 - (1 + -5 + -26 - -9).
30
What is the value of -2 + 15 - (33 - (-71 - -76))?
-15
Eva